2 (base 7) to base 4.
-100
Convert 30 (base 11) to base 6.
53
4 (base 6) to base 8
4
-10011 (base 3) to base 12
-71
-26 (base 7) to base 12
-18
-2 (base 7) to base 8
-2
What is -44 (base 5) in base 6?
-40
What is 4 (base 12) in base 10?
4
Convert 300 (base 5) to base 13.
5a
126 (base 7) to base 16
45
What is -2 (base 5) in base 11?
-2
-11 (base 11) to base 10
-12
Convert 1021 (base 4) to base 8.
111
Convert -3 (base 11) to base 15.
-3
Convert 323 (base 7) to base 14.
ba
-19 (base 14) to base 13
-1a
What is -95 (base 13) in base 5?
-442
What is -110100 (base 2) in base 8?
-64
Convert 2 (base 15) to base 6.
2
What is 132 (base 5) in base 11?
39
-10 (base 9) to base 3
-100
-b0 (base 15) to base 13
-c9
16 (base 11) to base 3
122
24 (base 13) to base 3
1010
What is -2 (base 9) in base 14?
-2
Convert 10011100 (base 2) to base 4.
2130
177 (base 12) to base 10
235
Convert 0 (base 3) to base 6.
0
Convert -45 (base 6) to base 14.
-21
Convert -1 (base 6) to base 9.
-1
Convert -2 (base 6) to base 13.
-2
0 (base 3) to base 12
0
36 (base 7) to base 3
1000
Convert -10 (base 3) to base 4.
-3
16a (base 12) to base 16
e2
35 (base 9) to base 3
1012
Convert 2 (base 16) to base 15.
2
What is -200 (base 3) in base 10?
-18
Convert 31 (base 11) to base 2.
100010
Convert -102 (base 3) to base 4.
-23
What is -45 (base 7) in base 14?
-25
What is a (base 13) in base 11?
a
What is -3 (base 10) in base 2?
-11
Convert -9d (base 14) to base 16.
-8b
42 (base 5) to base 11
20
1 (base 14) to base 16
1
-2 (base 9) to base 12
-2
What is 1 (base 15) in base 6?
1
Convert -10 (base 11) to base 7.
-14
What is -22 (base 10) in base 12?
-1a
Convert 21 (base 5) to base 11.
10
What is 10 (base 6) in base 16?
6
What is 6 (base 12) in base 11?
6
What is 90 (base 12) in base 5?
413
-4 (base 5) to base 14
-4
2 (base 6) to base 16
2
Convert 401 (base 6) to base 4.
2101
What is 1a (base 14) in base 2?
11000
-7 (base 14) to base 16
-7
What is 3 (base 16) in base 13?
3
-41 (base 10) to base 8
-51
111 (base 2) to base 9
7
What is -3 (base 4) in base 10?
-3
What is 2 (base 13) in base 4?
2
-220 (base 4) to base 15
-2a
10010111 (base 2) to base 13
b8
Convert 25 (base 11) to base 7.
36
-42 (base 5) to base 6
-34
Convert 14 (base 5) to base 11.
9
2 (base 11) to base 12
2
Convert -1 (base 11) to base 10.
-1
What is 333 (base 5) in base 14?
69
What is 9 (base 12) in base 6?
13
-5 (base 7) to base 9
-5
-3 (base 14) to base 8
-3
-10 (base 3) to base 2
-11
What is -62 (base 11) in base 10?
-68
Convert -12 (base 4) to base 5.
-11
Convert -4 (base 11) to base 3.
-11
211 (base 3) to base 15
17
What is 0 (base 15) in base 5?
0
What is -6 (base 15) in base 11?
-6
-1 (base 13) to base 10
-1
Convert -1210 (base 3) to base 5.
-143
-1000 (base 2) to base 11
-8
Convert -137 (base 8) to base 7.
-164
Convert 6 (base 8) to base 7.
6
What is 110 (base 3) in base 10?
12
-3 (base 5) to base 11
-3
-5 (base 8) to base 5
-10
14 (base 10) to base 14
10
Convert 120 (base 3) to base 15.
10
What is 1 (base 2) in base 14?
1
What is 33 (base 7) in base 11?
22
What is 1a (base 15) in base 2?
11001
What is 0 (base 10) in base 13?
0
Convert 2022 (base 4) to base 8.
212
-2 (base 13) to base 8
-2
What is -103 (base 6) in base 4?
-213
Convert -2a (base 12) to base 7.
-46
-16c (base 14) to base 11
-246
What is 1 (base 8) in base 16?
1
-73 (base 9) to base 7
-123
-23 (base 12) to base 5
-102
Convert 131 (base 7) to base 15.
4b
Convert 2 (base 6) to base 12.
2
Convert -10 (base 11) to base 6.
-15
Convert 23 (base 16) to base 9.
38
-a (base 16) to base 9
-11
What is 120 (base 3) in base 15?
10
What is -10 (base 3) in base 8?
-3
What is -19 (base 11) in base 4?
-110
Convert -38 (base 9) to base 5.
-120
Convert -1 (base 14) to base 5.
-1
What is -320 (base 4) in base 7?
-110
What is -6 (base 13) in base 6?
-10
2 (base 10) to base 14
2
-382 (base 9) to base 10
-317
-130 (base 11) to base 3
-12201
129 (base 13) to base 7
411
Convert -2 (base 4) to base 12.
-2
What is -4 (base 8) in base 14?
-4
46 (base 16) to base 10
70
-10222 (base 3) to base 15
-72
What is 11 (base 3) in base 9?
4
52 (base 8) to base 12
36
-6 (base 15) to base 8
-6
-232 (base 5) to base 3
-2111
What is 49 (base 10) in base 6?
121
What is 1101 (base 2) in base 9?
14
What is -11 (base 2) in base 16?
-3
What is 13 (base 8) in base 14?
b
5 (base 8) to base 12
5
Convert -446 (base 7) to base 16.
-e6
8 (base 10) to base 8
10
What is 3 (base 14) in base 7?
3
10 (base 2) to base 13
2
13 (base 10) to base 4
31
What is 4 (base 13) in base 11?
4
-10 (base 9) to base 13
-9
0 (base 5) to base 8
0
What is -11 (base 3) in base 9?
-4
14 (base 13) to base 14
13
-54 (base 6) to base 15
-24
Convert -10101000 (base 2) to base 6.
-440
What is 43 (base 16) in base 2?
1000011
What is 63 (base 11) in base 15?
49
Convert 17 (base 8) to base 15.
10
11 (base 3) to base 7
4
Convert 10100011 (base 2) to base 16.
a3
Convert 3a (base 14) to base 2.
110100
What is -2 (base 7) in base 4?
-2
-10 (base 2) to base 12
-2
What is -1 (base 12) in base 11?
-1
Convert 5 (base 6) to base 10.
5
Convert -421 (base 7) to base 8.
-323
Convert 1 (base 13) to base 12.
1
What is -14 (base 7) in base 8?
-13
Convert 21 (base 8) to base 10.
17
2f (base 16) to base 2
101111
What is 14 (base 5) in base 11?
9
What is -5a (base 14) in base 13?
-62
What is -87 (base 14) in base 3?
-11102
-23 (base 13) to base 2
-11101
Convert 64 (base 15) to base 6.
234
4 (base 8) to base 9
4
What is 3 (base 5) in base 2?
11
Convert 102 (base 3) to base 2.
1011
Convert 554 (base 6) to base 15.
e4
What is c0 (base 16) in base 8?
300
-7 (base 9) to base 8
-7
What is -80 (base 16) in base 12?
-a8
What is -32 (base 14) in base 3?
-1122
What is -118 (base 15) in base 2?
-11111000
Convert 73 (base 13) to base 14.
6a
-2030 (base 4) to base 15
-95
What is -2 (base 14) in base 2?
-10
Convert -132 (base 10) to base 14.
-96
What is -2 (base 13) in base 14?
-2
What is -11000 (base 2) in base 15?
-19
What is -3 (base 15) in base 6?
-3
Convert 1b0 (base 12) to base 15.
136
0 (base 14) to base 8
0
4 (base 14) to base 6
4
Convert -12 (base 3) to base 5.
-10
Convert -22 (base 10) to base 12.
-1a
What is -16 (base 16) in base 9?
-24
What is 14 (base 8) in base 16?
c
What is -412 (base 5) in base 2?
-1101011
18 (base 12) to base 7
26
-c2 (base 15) to base 16
-b6
-3 (base 4) to base 15
-3
Convert -21 (base 6) to base 15.
-d
What is 32 (base 10) in base 12?
28
What is 116 (base 7) in base 15?
42
Convert 28 (base 12) to base 7.
44
Convert 1111 (base 5) to base 14.
b2
What is -3 (base 13) in base 7?
-3
Convert 177 (base 12) to base 11.
1a4
-1 (base 14) to base 2
-1
What is 3 (base 7) in base 8?
3
Convert 100 (base 5) to base 16.
19
What is 2 (base 9) in base 5?
2
Convert 37 (base 8) to base 9.
34
201 (base 4) to base 9
36
Convert -23 (base 8) to base 9.
-21
1 (base 8) to base 9
1
What is 36 (base 12) in base 13?
33
Convert -b (base 13) to base 7.
-14
What is a (base 14) in base 8?
12
What is 0 (base 10) in base 8?
0
-4 (base 10) to base 3
-11
-3 (base 13) to base 10
-3
Convert 66 (base 13) to base 15.
59
What is 6 (base 13) in base 16?
6
Convert -21 (base 8) to base 11.
-16
What is 0 (base 2) in base 16?
0
5 (base 13) to base 2
101
What is -3e (base 15) in base 2?
-111011
-124 (base 5) to base 6
-103
What is -3 (base 15) in base 16?
-3
Convert -2 (base 11) to base 7.
-2
1 (base 4) to base 8
1
-3 (base 15) to base 6
-3
What is 0 (base 11) in base 9?
0
Convert -3 (base 16) to base 8.
-3
What is 11 (base 3) in base 9?
4
Convert 53 (base 15) to base 10.
78
What is 34 (base 5) in base 16?
13
What is 7 (base 8) in base 4?
13
What is 38 (base 11) in base 6?
105
Convert -335 (base 9) to base 8.
-423
Convert 110 (base 8) to base 9.
80
11 (base 7) to base 8
10
Convert 412 (base 7) to base 4.
3031
-2 (base 7) to base 14
-2
Convert 269 (base 12) to base 8.
561
Convert 10120 (base 3) to base 7.
165
0 (base 6) to base 3
0
Convert -8 (base 13) to base 9.
-8
d (base 16) to base 11
12
14 (base 8) to base 5
22
Convert -201 (base 4) to base 8.
-41
Convert 10001 (base 2) to base 6.
25
-19 (base 11) to base 4
-110
What is 0 (base 16) in base 12?
0
What is 12 (base 5) in base 8?
7
11 (base 8) to base 16
9
What is 11001111 (base 2) in base 5?
1312
-135 (base 8) to base 13
-72
-141 (base 